{"id":200,"date":"2021-01-15T17:42:52","date_gmt":"2021-01-15T17:42:52","guid":{"rendered":"http:\/\/vmdok.org.rs\/vajdasag\/?page_id=200"},"modified":"2021-01-15T18:34:46","modified_gmt":"2021-01-15T18:34:46","slug":"a-delvideki-reformatus-keresztyen-egyhaz-vazlatos-tortenete","status":"publish","type":"page","link":"http:\/\/vmdok.org.rs\/vajdasag\/vajdasag-iii\/a-delvideki-reformatus-keresztyen-egyhaz-vazlatos-tortenete\/","title":{"rendered":"A d\u00e9lvid\u00e9ki reform\u00e1tus kereszty\u00e9n egyh\u00e1z v\u00e1zlatos t\u00f6rt\u00e9nete"},"content":{"rendered":"\t\t<div data-elementor-type=\"wp-page\" data-elementor-id=\"200\" class=\"elementor elementor-200\">\n\t\t\t\t\t\t<section class=\"elementor-section elementor-top-section elementor-element elementor-element-2c42ef8d elementor-section-boxed elementor-section-height-default elementor-section-height-default\" data-id=\"2c42ef8d\" data-element_type=\"section\">\n\t\t\t\t\t\t<div class=\"elementor-container elementor-column-gap-default\">\n\t\t\t\t\t<div class=\"elementor-column elementor-col-100 elementor-top-column elementor-element elementor-element-7a634733\" data-id=\"7a634733\" data-element_type=\"column\">\n\t\t\t<div class=\"elementor-widget-wrap elementor-element-populated\">\n\t\t\t\t\t\t<div class=\"elementor-element elementor-element-7d75b28b elementor-invisible elementor-widget elementor-widget-heading\" data-id=\"7d75b28b\" data-element_type=\"widget\" data-settings=\"{&quot;_animation&quot;:&quot;fadeInDown&quot;}\" data-widget_type=\"heading.default\">\n\t\t\t\t<div class=\"elementor-widget-container\">\n\t\t\t\t\t<h5 class=\"elementor-heading-title elementor-size-default\">Orosz Attila<\/h5>\t\t\t\t<\/div>\n\t\t\t\t<\/div>\n\t\t\t\t\t<\/div>\n\t\t<\/div>\n\t\t\t\t\t<\/div>\n\t\t<\/section>\n\t\t\t\t<section class=\"elementor-section elementor-top-section elementor-element elementor-element-6d1f7674 elementor-section-boxed elementor-section-height-default elementor-section-height-default\" data-id=\"6d1f7674\" data-element_type=\"section\">\n\t\t\t\t\t\t<div class=\"elementor-container elementor-column-gap-default\">\n\t\t\t\t\t<div class=\"elementor-column elementor-col-100 elementor-top-column elementor-element elementor-element-2d8c8468\" data-id=\"2d8c8468\" data-element_type=\"column\">\n\t\t\t<div class=\"elementor-widget-wrap elementor-element-populated\">\n\t\t\t\t\t\t<div class=\"elementor-element elementor-element-7d0f7537 elementor-invisible elementor-widget elementor-widget-heading\" data-id=\"7d0f7537\" data-element_type=\"widget\" data-settings=\"{&quot;_animation&quot;:&quot;fadeInDown&quot;}\" data-widget_type=\"heading.default\">\n\t\t\t\t<div class=\"elementor-widget-container\">\n\t\t\t\t\t<h4 class=\"elementor-heading-title elementor-size-default\">A d\u00e9lvid\u00e9ki reform\u00e1tus kereszty\u00e9n \negyh\u00e1z v\u00e1zlatos t\u00f6rt\u00e9nete<\/h4>\t\t\t\t<\/div>\n\t\t\t\t<\/div>\n\t\t\t\t\t<\/div>\n\t\t<\/div>\n\t\t\t\t\t<\/div>\n\t\t<\/section>\n\t\t\t\t<section class=\"elementor-section elementor-top-section elementor-element elementor-element-237b419 elementor-section-boxed elementor-section-height-default elementor-section-height-default\" data-id=\"237b419\" data-element_type=\"section\">\n\t\t\t\t\t\t<div class=\"elementor-container elementor-column-gap-default\">\n\t\t\t\t\t<div class=\"elementor-column elementor-col-100 elementor-top-column elementor-element elementor-element-b46cc5c\" data-id=\"b46cc5c\" data-element_type=\"column\">\n\t\t\t<div class=\"elementor-widget-wrap elementor-element-populated\">\n\t\t\t\t\t\t<div class=\"elementor-element elementor-element-92fe600 elementor-invisible elementor-widget elementor-widget-text-editor\" data-id=\"92fe600\" data-element_type=\"widget\" data-settings=\"{&quot;_animation&quot;:&quot;fadeInRight&quot;}\" data-widget_type=\"text-editor.default\">\n\t\t\t\t<div class=\"elementor-widget-container\">\n\t\t\t\t\t\t\t\t\t<i>\u201eEml\u00e9kezzetek meg a ti el\u00f6lj\u00e1r\u00f3itokr\u00f3l, akik sz\u00f3lott\u00e1k <br>\nn\u00e9ktek az Isten besz\u00e9d\u00e9t, \u00e9s figyelmezv\u00e9n\naz <br>\n\u0151 \u00e9let\u00f6k v\u00e9g\u00e9re,k\u00f6vess\u00e9tek hit\u00f6ket.\u201d\n<br><b>Zsid 13, 7<b><\/i>\t\t\t\t\t\t\t\t<\/div>\n\t\t\t\t<\/div>\n\t\t\t\t\t<\/div>\n\t\t<\/div>\n\t\t\t\t\t<\/div>\n\t\t<\/section>\n\t\t\t\t<section class=\"elementor-section elementor-top-section elementor-element elementor-element-7abfe0f9 elementor-section-boxed elementor-section-height-default elementor-section-height-default\" data-id=\"7abfe0f9\" data-element_type=\"section\">\n\t\t\t\t\t\t<div class=\"elementor-container elementor-column-gap-default\">\n\t\t\t\t\t<div class=\"elementor-column elementor-col-100 elementor-top-column elementor-element elementor-element-4388a660\" data-id=\"4388a660\" data-element_type=\"column\">\n\t\t\t<div class=\"elementor-widget-wrap elementor-element-populated\">\n\t\t\t\t\t\t<div class=\"elementor-element elementor-element-59e24416 elementor-invisible elementor-widget elementor-widget-text-editor\" data-id=\"59e24416\" data-element_type=\"widget\" data-settings=\"{&quot;_animation&quot;:&quot;fadeInDown&quot;}\" data-widget_type=\"text-editor.default\">\n\t\t\t\t<div class=\"elementor-widget-container\">\n\t\t\t\t\t\t\t\t\t<p style=\"text-align: center;\"><strong>Bevezet\u0151<\/strong><\/p>\t\t\t\t\t\t\t\t<\/div>\n\t\t\t\t<\/div>\n\t\t\t\t\t<\/div>\n\t\t<\/div>\n\t\t\t\t\t<\/div>\n\t\t<\/section>\n\t\t\t\t<section class=\"elementor-section elementor-top-section elementor-element elementor-element-d2e1dc7 elementor-section-boxed elementor-section-height-default elementor-section-height-default\" data-id=\"d2e1dc7\" data-element_type=\"section\">\n\t\t\t\t\t\t<div class=\"elementor-container elementor-column-gap-default\">\n\t\t\t\t\t<div class=\"elementor-column elementor-col-100 elementor-top-column elementor-element elementor-element-26c04285\" data-id=\"26c04285\" data-element_type=\"column\">\n\t\t\t<div class=\"elementor-widget-wrap elementor-element-populated\">\n\t\t\t\t\t\t<div class=\"elementor-element elementor-element-7356b3bc elementor-invisible elementor-widget elementor-widget-text-editor\" data-id=\"7356b3bc\" data-element_type=\"widget\" data-settings=\"{&quot;_animation&quot;:&quot;fadeInDown&quot;}\" data-widget_type=\"text-editor.default\">\n\t\t\t\t<div class=\"elementor-widget-container\">\n\t\t\t\t\t\t\t\t\t<p><span class=\"fontstyle0\">A reform\u00e1tuss\u00e1g sz\u0171kebb k\u00f6rnyezet\u00fcnkben t\u00f6bbnyire a 18. sz\u00e1zad m\u00e1sodik fel\u00e9t\u0151l van jelen. Ebben a tanulm\u00e1nyban azonban az ut\u00f3bbi k\u00f6zel sz\u00e1z \u00e9v t\u00f6rt\u00e9net\u00e9t tekintj\u00fck \u00e1t, k\u00fcl\u00f6n\u00f6s tekintettel a fontosabb esem\u00e9nyekre \u00e9s szem\u00e9lyekre, amelyek \u00e9s akik meghat\u00e1rozt\u00e1k a d\u00e9lvid\u00e9ki reform\u00e1tuss\u00e1g sors\u00e1nak alakul\u00e1s\u00e1t.<\/span> <\/p>\t\t\t\t\t\t\t\t<\/div>\n\t\t\t\t<\/div>\n\t\t\t\t\t<\/div>\n\t\t<\/div>\n\t\t\t\t\t<\/div>\n\t\t<\/section>\n\t\t\t\t<section class=\"elementor-section elementor-top-section elementor-element elementor-element-67d040b2 elementor-section-boxed elementor-section-height-default elementor-section-height-default\" data-id=\"67d040b2\" data-element_type=\"section\">\n\t\t\t\t\t\t<div class=\"elementor-container elementor-column-gap-default\">\n\t\t\t\t\t<div class=\"elementor-column elementor-col-100 elementor-top-column elementor-element elementor-element-216b57ee\" data-id=\"216b57ee\" data-element_type=\"column\">\n\t\t\t<div class=\"elementor-widget-wrap elementor-element-populated\">\n\t\t\t\t\t\t<div class=\"elementor-element elementor-element-564c2120 elementor-invisible elementor-widget elementor-widget-text-editor\" data-id=\"564c2120\" data-element_type=\"widget\" data-settings=\"{&quot;_animation&quot;:&quot;fadeInDown&quot;}\" data-widget_type=\"text-editor.default\">\n\t\t\t\t<div class=\"elementor-widget-container\">\n\t\t\t\t\t\t\t\t\t<p><span class=\"fontstyle0\">Vajdas\u00e1g ter\u00fclet\u00e9n a t\u00falnyom\u00f3 t\u00f6bbs\u00e9g\u00e9ben reform\u00e1tus vall\u00e1s\u00fa telep\u00fcl\u00e9sek, saj\u00e1t \u00f6z\u00f6ss\u00e9g\u00fck, gy\u00fclekezet\u00fck t\u00f6rt\u00e9net\u00e9t m\u00e1r t\u00f6bb\u00e9-kev\u00e9sb\u00e9 feldolgozt\u00e1k. Ett\u0151l f\u00fcggetlen\u00fcl a jelen tanulm\u00e1ny m\u00e9gis az els\u0151 inform\u00e1ci\u00f3 erej\u00e9vel hat, mivel a Szerbiai Reform\u00e1tus Kereszty\u00e9n Egyh\u00e1z g\u00f6r\u00f6ngy\u00f6s, hitpr\u00f3b\u00e1kkal teljes t\u00f6rt\u00e9net\u00e9nek a keresztmetszet\u00e9t t\u00e1rja az olvas\u00f3 el\u00e9.\u00a0 \u00e9szletesebben kit\u00e9r a jelent\u0151sebb egyh\u00e1zt\u00f6rt\u00e9neti esem\u00e9nyekre, dogmatikai v\u00e1ltoz\u00e1sokra, a l\u00e9leksz\u00e1m \u00e1lland\u00f3 v\u00e1ltoz\u00e1s\u00e1ra, valamint a legjelent\u0151sebb egyh\u00e1zi szem\u00e9lyek, p\u00fcsp\u00f6k\u00f6k szolg\u00e1lat\u00e1nak r\u00f6vid ismertet\u00e9s\u00e9re, eg\u00e9szen a k\u00f6zelm\u00faltig, azaz napjaink egyh\u00e1zi t\u00f6rt\u00e9n\u00e9seinek bemutat\u00e1s\u00e1ra.<\/span> <\/p>\t\t\t\t\t\t\t\t<\/div>\n\t\t\t\t<\/div>\n\t\t\t\t\t<\/div>\n\t\t<\/div>\n\t\t\t\t\t<\/div>\n\t\t<\/section>\n\t\t\t\t<section class=\"elementor-section elementor-top-section elementor-element elementor-element-ddaf51a elementor-section-boxed elementor-section-height-default elementor-section-height-default\" data-id=\"ddaf51a\" data-element_type=\"section\">\n\t\t\t\t\t\t<div class=\"elementor-container elementor-column-gap-default\">\n\t\t\t\t\t<div class=\"elementor-column elementor-col-100 elementor-top-column elementor-element elementor-element-10cbf9b6\" data-id=\"10cbf9b6\" data-element_type=\"column\">\n\t\t\t<div class=\"elementor-widget-wrap elementor-element-populated\">\n\t\t\t\t\t\t<div class=\"elementor-element elementor-element-17b14554 elementor-invisible elementor-widget elementor-widget-text-editor\" data-id=\"17b14554\" data-element_type=\"widget\" data-settings=\"{&quot;_animation&quot;:&quot;fadeInDown&quot;}\" data-widget_type=\"text-editor.default\">\n\t\t\t\t<div class=\"elementor-widget-container\">\n\t\t\t\t\t\t\t\t\t<p><span class=\"fontstyle0\">Meggy\u0151z\u0151d\u00e9sem, hogy vid\u00e9k\u00fcnk\u00f6n kev\u00e9sb\u00e9 ismernek benn\u00fcnket reform\u00e1tusokat, mivel nem t\u00f6mbben, hanem viszonylagos sz\u00e9tsz\u00f3rts\u00e1gban \u00e9l a reform\u00e1tuss\u00e1g Vajdas\u00e1g ter\u00fclet\u00e9n. Ezenk\u00edv\u00fcl pedig a K\u00e1rp\u00e1t-medenc\u00e9ben tal\u00e1lhat\u00f3 reform\u00e1tus egyh\u00e1zker\u00fcletek k\u00f6z\u00fcl az egyik legkisebb egyh\u00e1ztest a Szerbiai Reform\u00e1tus Kereszty\u00e9n Egyh\u00e1z a maga mintegy tizenk\u00e9tezres l\u00e9leksz\u00e1m\u00e1val. Ezen a helyzeten tal\u00e1n valamennyit jav\u00edtott a 2017-es \u00e9v, amikor a vil\u00e1g reform\u00e1tuss\u00e1ga a reform\u00e1ci\u00f3 500. \u00e9ves jubileumi \u00e9vfordul\u00f3j\u00e1t<\/span> <span class=\"fontstyle0\">\u00fcnnepelte. Ezt az \u00e9vfordul\u00f3t a vajdas\u00e1gi reform\u00e1tuss\u00e1g is m\u00e9lt\u00f3k\u00e9ppen meg\u00fcnnepelte. Tematikus ki\u00e1ll\u00edt\u00e1sok, tudom\u00e1nyos konferenci\u00e1k, k\u00f6zponti \u00e9s helyi rendezv\u00e9nyek \u00e1ltal tal\u00e1n sokkal jobban siker\u00fclt felh\u00edvni a figyelmet d\u00e9lvid\u00e9ki reform\u00e1tus n\u00e9p\u00fcnk m\u00faltj\u00e1ra \u00e9s jelen\u00e9re.<\/span>\u00a0<\/p>\t\t\t\t\t\t\t\t<\/div>\n\t\t\t\t<\/div>\n\t\t\t\t\t<\/div>\n\t\t<\/div>\n\t\t\t\t\t<\/div>\n\t\t<\/section>\n\t\t\t\t<section class=\"elementor-section elementor-top-section elementor-element elementor-element-8af6908 elementor-section-boxed elementor-section-height-default elementor-section-height-default\" data-id=\"8af6908\" data-element_type=\"section\">\n\t\t\t\t\t\t<div class=\"elementor-container elementor-column-gap-default\">\n\t\t\t\t\t<div class=\"elementor-column elementor-col-100 elementor-top-column elementor-element elementor-element-4b97413\" data-id=\"4b97413\" data-element_type=\"column\">\n\t\t\t<div class=\"elementor-widget-wrap elementor-element-populated\">\n\t\t\t\t\t\t<div class=\"elementor-element elementor-element-c1f0300 elementor-invisible elementor-widget elementor-widget-text-editor\" data-id=\"c1f0300\" data-element_type=\"widget\" data-settings=\"{&quot;_animation&quot;:&quot;fadeInDown&quot;}\" data-widget_type=\"text-editor.default\">\n\t\t\t\t<div class=\"elementor-widget-container\">\n\t\t\t\t\t\t\t\t\t<p><span class=\"fontstyle0\">Hiszem \u00e9s \u0151szint\u00e9n rem\u00e9lem, hogy akit valamennyire is \u00e9rdekel itteni reform\u00e1tus n\u00e9p\u00fcnk sors\u00e1nak alakul\u00e1sa az elm\u00falt sz\u00e1z esztend\u0151ben, jelen tanulm\u00e1ny elolvas\u00e1sa ut\u00e1n alapvet\u0151 ismereteket szerez r\u00f3lunk.<\/span> <\/p>\t\t\t\t\t\t\t\t<\/div>\n\t\t\t\t<\/div>\n\t\t\t\t\t<\/div>\n\t\t<\/div>\n\t\t\t\t\t<\/div>\n\t\t<\/section>\n\t\t\t\t<section class=\"elementor-section elementor-top-section elementor-element elementor-element-7a703b21 elementor-section-boxed elementor-section-height-default elementor-section-height-default\" data-id=\"7a703b21\" data-element_type=\"section\">\n\t\t\t\t\t\t<div class=\"elementor-container elementor-column-gap-default\">\n\t\t\t\t\t<div class=\"elementor-column elementor-col-100 elementor-top-column elementor-element elementor-element-40acee7d\" data-id=\"40acee7d\" data-element_type=\"column\">\n\t\t\t<div class=\"elementor-widget-wrap elementor-element-populated\">\n\t\t\t\t\t\t<div class=\"elementor-element elementor-element-19eca41f elementor-invisible elementor-widget elementor-widget-text-editor\" data-id=\"19eca41f\" data-element_type=\"widget\" data-settings=\"{&quot;_animation&quot;:&quot;wobble&quot;}\" data-widget_type=\"text-editor.default\">\n\t\t\t\t<div class=\"elementor-widget-container\">\n\t\t\t\t\t\t\t\t\t<p style=\"text-align: center;\"><span style=\"color: #993300;\"><strong><a style=\"color: #993300;\" href=\"http:\/\/vmdok.org.rs\/vajdasag\/wp-content\/uploads\/2021\/01\/VAJDASAG-3_2020_Orosz.pdf\" target=\"_blank\" rel=\"noopener\">A tanulm\u00e1ny let\u00f6lt\u00e9se<\/a><\/strong><\/span><\/p>\t\t\t\t\t\t\t\t<\/div>\n\t\t\t\t<\/div>\n\t\t\t\t\t<\/div>\n\t\t<\/div>\n\t\t\t\t\t<\/div>\n\t\t<\/section>\n\t\t\t\t<\/div>\n\t\t","protected":false},"excerpt":{"rendered":"<p>Orosz Attila A d\u00e9lvid\u00e9ki reform\u00e1tus kereszty\u00e9n egyh\u00e1z v\u00e1zlatos t\u00f6rt\u00e9nete \u201eEml\u00e9kezzetek meg a ti el\u00f6lj\u00e1r\u00f3itokr\u00f3l, akik sz\u00f3lott\u00e1k n\u00e9ktek az Isten besz\u00e9d\u00e9t, \u00e9s figyelmezv\u00e9n az \u0151 \u00e9let\u00f6k v\u00e9g\u00e9re,k\u00f6vess\u00e9tek hit\u00f6ket.\u201d Zsid 13, 7 Bevezet\u0151 A reform\u00e1tuss\u00e1g sz\u0171kebb k\u00f6rnyezet\u00fcnkben t\u00f6bbnyire a 18. sz\u00e1zad m\u00e1sodik fel\u00e9t\u0151l van jelen. Ebben a tanulm\u00e1nyban azonban az ut\u00f3bbi k\u00f6zel\u2026<\/p>\n<p class=\"continue-reading-button\"> <a class=\"continue-reading-link\" href=\"http:\/\/vmdok.org.rs\/vajdasag\/vajdasag-iii\/a-delvideki-reformatus-keresztyen-egyhaz-vazlatos-tortenete\/\">Tov\u00e1bb&#8230;<i class=\"crycon-right-dir\"><\/i><\/a><\/p>\n","protected":false},"author":1,"featured_media":0,"parent":173,"menu_order":320,"comment_status":"closed","ping_status":"closed","template":"","meta":{"footnotes":"","_links_to":"","_links_to_target":""},"class_list":["post-200","page","type-page","status-publish","hentry"],"_links":{"self":[{"href":"http:\/\/vmdok.org.rs\/vajdasag\/wp-json\/wp\/v2\/pages\/200","targetHints":{"allow":["GET"]}}],"collection":[{"href":"http:\/\/vmdok.org.rs\/vajdasag\/wp-json\/wp\/v2\/pages"}],"about":[{"href":"http:\/\/vmdok.org.rs\/vajdasag\/wp-json\/wp\/v2\/types\/page"}],"author":[{"embeddable":true,"href":"http:\/\/vmdok.org.rs\/vajdasag\/wp-json\/wp\/v2\/users\/1"}],"replies":[{"embeddable":true,"href":"http:\/\/vmdok.org.rs\/vajdasag\/wp-json\/wp\/v2\/comments?post=200"}],"version-history":[{"count":10,"href":"http:\/\/vmdok.org.rs\/vajdasag\/wp-json\/wp\/v2\/pages\/200\/revisions"}],"predecessor-version":[{"id":258,"href":"http:\/\/vmdok.org.rs\/vajdasag\/wp-json\/wp\/v2\/pages\/200\/revisions\/258"}],"up":[{"embeddable":true,"href":"http:\/\/vmdok.org.rs\/vajdasag\/wp-json\/wp\/v2\/pages\/173"}],"wp:attachment":[{"href":"http:\/\/vmdok.org.rs\/vajdasag\/wp-json\/wp\/v2\/media?parent=200"}],"curies":[{"name":"wp","href":"https:\/\/api.w.org\/{rel}","templated":true}]}}