{"id":115,"date":"2018-06-29T17:44:20","date_gmt":"2018-06-29T17:44:20","guid":{"rendered":"http:\/\/vmdok.org.rs\/vajdasag\/?page_id=115"},"modified":"2018-06-29T17:49:45","modified_gmt":"2018-06-29T17:49:45","slug":"a-kotet-szerzoi","status":"publish","type":"page","link":"http:\/\/vmdok.org.rs\/vajdasag\/vajdasag-ii\/a-kotet-szerzoi\/","title":{"rendered":"A k\u00f6tet szerz\u0151i"},"content":{"rendered":"<p style=\"text-align: center;\"><strong> <span class=\"fontstyle0\">Beretka Katinka, Ph.D. <\/span><span class=\"fontstyle2\">(1985)<\/span><\/strong><\/p>\n<p style=\"text-align: center;\"><span class=\"fontstyle2\">Egyetemi docens, Gazdas\u00e1gi \u00e9s Igazs\u00e1gszolg\u00e1ltat\u00e1si Jogi Kar, Szabadka; tan\u00e1rseg\u00e9d, Dr. Lazar Vrkati\u0107 Jogi \u00e9s \u00dczleti Tanulm\u00e1nyok Kara, \u00dajvid\u00e9k; vend\u00e9goktat\u00f3, Szegedi Tudom\u00e1nyegyetem, \u00c1llam- \u00e9s Jogtudom\u00e1nyi Kar. Iskolai\u00a0v\u00e9gzetts\u00e9g: okleveles jog\u00e1sz (\u00dajvid\u00e9k Egyetem, Jogtudom\u00e1nyi Kar, 2009),\u00a0LLM in International Business Law (Central European University, Budapest, 2010), \u00e1llam- \u00e9s jogtudom\u00e1nyok doktora (Sz\u00e9chenyi Istv\u00e1n Egyetem,\u00a0Gy\u0151r, 2015).<\/span><\/p>\n<p style=\"text-align: center;\"><strong><span class=\"fontstyle0\">Gruber Enik\u0151 Ph.D. <\/span><span class=\"fontstyle2\">(1985)<\/span><\/strong><\/p>\n<p style=\"text-align: center;\"><span class=\"fontstyle2\">Sajt\u00f3referens, Magyar Orsz\u00e1ggy\u0171l\u00e9s Hivatala. Iskolai v\u00e9gzetts\u00e9g: magyar\u00a0nyelv \u00e9s irodalom szakos tan\u00e1r (\u00dajvid\u00e9ki Egyetem, B\u00f6lcs\u00e9szettudom\u00e1nyi Kar,\u00a0Magyar Nyelv \u00e9s Irodalom Tansz\u00e9k, 2009), t\u00f6rt\u00e9nelemtudom\u00e1nyok doktora\u00a0(E\u00f6tv\u00f6s Lor\u00e1nd Tudom\u00e1nyegyetem, B\u00f6lcs\u00e9szettudom\u00e1nyi Kar, T\u00f6rt\u00e9nelemtudom\u00e1nyi Doktori Iskola, M\u0171vel\u0151d\u00e9st\u00f6rt\u00e9neti Tansz\u00e9k, 2017).<\/span><\/p>\n<p style=\"text-align: center;\"><strong><span class=\"fontstyle0\">Pap Tibor <\/span><span class=\"fontstyle2\">(1970)<\/span><\/strong><\/p>\n<p style=\"text-align: center;\"><span class=\"fontstyle2\">P\u00e9csi Tudom\u00e1nyegyetem, Term\u00e9szettudom\u00e1nyi Kar, F\u00f6ldtudom\u00e1nyok Doktori Iskola<\/span><\/p>\n<p style=\"text-align: center;\"><strong><span class=\"fontstyle0\">\u0160abi\u0107 Norbert, Ph.D. <\/span><span class=\"fontstyle2\">(1982)<\/span><\/strong><\/p>\n<p style=\"text-align: center;\"><span class=\"fontstyle2\">Strat\u00e9giai Tervez\u00e9ssel megb\u00edzott asszisztens, K\u00f6z\u00e9p-eur\u00f3pai Egyetem. Iskolai\u00a0v\u00e9gzetts\u00e9g: politikatudom\u00e1nyok doktora (CEU, 2015).<\/span><\/p>\n<p style=\"text-align: center;\"><strong><span class=\"fontstyle0\">T\u00f3th Norbert, Ph.D. <\/span><span class=\"fontstyle2\">(1980)<\/span><\/strong><\/p>\n<p style=\"text-align: center;\"><span class=\"fontstyle2\">Egyetemi docens, Nemzetk\u00f6zi \u00e9s Eur\u00f3pai Tanulm\u00e1nyok Kar, Nemzeti K\u00f6zszolg\u00e1lati Egyeteme; okleveles jog\u00e1sz (P\u00e9csi Tudom\u00e1nyegyetem, \u00c1llam- \u00e9s\u00a0Jogtudom\u00e1nyi Kar, 2004); okleveles politol\u00f3gus (P\u00e9csi Tudom\u00e1nyegyetem,\u00a0B\u00f6lcs\u00e9szettudom\u00e1nyi Kar, 2010); kisebbs\u00e9gi igazgat\u00e1si szak\u00e9rt\u0151 (Budapesti\u00a0Corvinus Egyetem, K\u00f6zigazgat\u00e1s-tudom\u00e1nyi Kar, 2010); \u00e1llam- \u00e9s jogtudom\u00e1nyok doktora (P\u00e9csi Tudom\u00e1nyegyetem, P\u00e9cs, 2013).<\/span><\/p>\n","protected":false},"excerpt":{"rendered":"<p>Beretka Katinka, Ph.D. (1985) Egyetemi docens, Gazdas\u00e1gi \u00e9s Igazs\u00e1gszolg\u00e1ltat\u00e1si Jogi Kar, Szabadka; tan\u00e1rseg\u00e9d, Dr. Lazar Vrkati\u0107 Jogi \u00e9s \u00dczleti Tanulm\u00e1nyok Kara, \u00dajvid\u00e9k; vend\u00e9goktat\u00f3, Szegedi Tudom\u00e1nyegyetem, \u00c1llam- \u00e9s Jogtudom\u00e1nyi Kar. Iskolai\u00a0v\u00e9gzetts\u00e9g: okleveles jog\u00e1sz (\u00dajvid\u00e9k Egyetem, Jogtudom\u00e1nyi Kar, 2009),\u00a0LLM in International Business Law (Central European University, Budapest, 2010), \u00e1llam- \u00e9s jogtudom\u00e1nyok doktora\u2026<\/p>\n<p class=\"continue-reading-button\"> <a class=\"continue-reading-link\" href=\"http:\/\/vmdok.org.rs\/vajdasag\/vajdasag-ii\/a-kotet-szerzoi\/\">Tov\u00e1bb&#8230;<i class=\"crycon-right-dir\"><\/i><\/a><\/p>\n","protected":false},"author":1,"featured_media":0,"parent":103,"menu_order":260,"comment_status":"closed","ping_status":"closed","template":"","meta":{"footnotes":"","_links_to":"","_links_to_target":""},"class_list":["post-115","page","type-page","status-publish","hentry"],"_links":{"self":[{"href":"http:\/\/vmdok.org.rs\/vajdasag\/wp-json\/wp\/v2\/pages\/115","targetHints":{"allow":["GET"]}}],"collection":[{"href":"http:\/\/vmdok.org.rs\/vajdasag\/wp-json\/wp\/v2\/pages"}],"about":[{"href":"http:\/\/vmdok.org.rs\/vajdasag\/wp-json\/wp\/v2\/types\/page"}],"author":[{"embeddable":true,"href":"http:\/\/vmdok.org.rs\/vajdasag\/wp-json\/wp\/v2\/users\/1"}],"replies":[{"embeddable":true,"href":"http:\/\/vmdok.org.rs\/vajdasag\/wp-json\/wp\/v2\/comments?post=115"}],"version-history":[{"count":3,"href":"http:\/\/vmdok.org.rs\/vajdasag\/wp-json\/wp\/v2\/pages\/115\/revisions"}],"predecessor-version":[{"id":118,"href":"http:\/\/vmdok.org.rs\/vajdasag\/wp-json\/wp\/v2\/pages\/115\/revisions\/118"}],"up":[{"embeddable":true,"href":"http:\/\/vmdok.org.rs\/vajdasag\/wp-json\/wp\/v2\/pages\/103"}],"wp:attachment":[{"href":"http:\/\/vmdok.org.rs\/vajdasag\/wp-json\/wp\/v2\/media?parent=115"}],"curies":[{"name":"wp","href":"https:\/\/api.w.org\/{rel}","templated":true}]}}